{"id":27,"date":"2012-10-29T10:20:11","date_gmt":"2012-10-29T10:20:11","guid":{"rendered":"http:\/\/linhascoloridas.com\/?page_id=27"},"modified":"2020-01-03T17:44:59","modified_gmt":"2020-01-03T17:44:59","slug":"contatos","status":"publish","type":"page","link":"https:\/\/linhascoloridas.com\/?page_id=27","title":{"rendered":"Contatos"},"content":{"rendered":"<address>\u00a0<\/address>\n<address>Para qualquer informa\u00e7\u00e3o envie um email para:<br \/>\n<strong>linhascoloridas@linhascoloridas.com<\/strong><\/address>\n<address>&nbsp;<\/p>\n<p>Atendimento\/reuni\u00e3o apenas por marca\u00e7\u00e3o:<br \/>\n<strong>Rua Machado dos Santos, 619 L2<\/strong><br \/>\n<strong>4400-209 Vila Nova de Gaia<\/strong><\/p>\n<\/address>\n<address><span style=\"color: #330000;\">\u00a0<\/span><\/address>\n<address><span style=\"color: #330000;\">\u00a0<\/span><\/address>\n<address>\u00a0<\/address>\n<address>\u00a0<\/address>\n","protected":false},"excerpt":{"rendered":"<p>\u00a0 Para qualquer informa\u00e7\u00e3o envie um email para: linhascoloridas@linhascoloridas.com &nbsp; Atendimento\/reuni\u00e3o apenas por marca\u00e7\u00e3o: Rua Machado dos Santos, 619 L2 4400-209 Vila Nova de Gaia \u00a0 \u00a0 \u00a0 \u00a0<\/p>\n","protected":false},"author":1,"featured_media":0,"parent":0,"menu_order":7,"comment_status":"open","ping_status":"open","template":"","meta":[],"_links":{"self":[{"href":"https:\/\/linhascoloridas.com\/index.php?rest_route=\/wp\/v2\/pages\/27"}],"collection":[{"href":"https:\/\/linhascoloridas.com\/index.php?rest_route=\/wp\/v2\/pages"}],"about":[{"href":"https:\/\/linhascoloridas.com\/index.php?rest_route=\/wp\/v2\/types\/page"}],"author":[{"embeddable":true,"href":"https:\/\/linhascoloridas.com\/index.php?rest_route=\/wp\/v2\/users\/1"}],"replies":[{"embeddable":true,"href":"https:\/\/linhascoloridas.com\/index.php?rest_route=%2Fwp%2Fv2%2Fcomments&post=27"}],"version-history":[{"count":52,"href":"https:\/\/linhascoloridas.com\/index.php?rest_route=\/wp\/v2\/pages\/27\/revisions"}],"predecessor-version":[{"id":4103,"href":"https:\/\/linhascoloridas.com\/index.php?rest_route=\/wp\/v2\/pages\/27\/revisions\/4103"}],"wp:attachment":[{"href":"https:\/\/linhascoloridas.com\/index.php?rest_route=%2Fwp%2Fv2%2Fmedia&parent=27"}],"curies":[{"name":"wp","href":"https:\/\/api.w.org\/{rel}","templated":true}]}}