{"id":2,"date":"2012-10-26T16:12:53","date_gmt":"2012-10-26T16:12:53","guid":{"rendered":"http:\/\/linhascoloridas.com\/?page_id=2"},"modified":"2022-12-07T12:20:48","modified_gmt":"2022-12-07T12:20:48","slug":"sample-page","status":"publish","type":"page","link":"https:\/\/linhascoloridas.com\/?page_id=2","title":{"rendered":"O que fazemos"},"content":{"rendered":"<div style=\"text-align: center;\">\n<p><strong>&#8220;Dizem que n\u00e3o existe a verdadeira felicidade mas sim momentos felizes\u2026<\/strong><br \/>\n<strong>A Linhas Coloridas surgiu assim, em Abril de 2010, do encontro de uma paix\u00e3o, da vontade de tornar os momentos especiais, em momentos que perdurar\u00e3o para sempre.<\/strong><\/p>\n<p><strong>Designer de comunica\u00e7\u00e3o de forma\u00e7\u00e3o,\u00a0\u00a0sou \u201cviciada\u201d no cheirinho do papel, adoro andar de volta deste, dobrando, cortando, colando e recortando\u2026colorindo a vida com apontamentos que<\/strong><br \/>\n<strong>tornam aqueles momentos muito mais especiais.&#8221;<\/strong><\/p>\n<p>E porque cada cliente \u00e9 \u00fanico, a <em><strong>Linhas Coloridas<\/strong><\/em>, tenta ir ao encontro das expetativas e dos desejos de cada um. A dedica\u00e7\u00e3o, flexibilidade, design, eleg\u00e2ncia e sofistica\u00e7\u00e3o, faz com que o resultado de cada trabalho seja original, personalizado, e \u00edmpar, pois \u00e9 criado especialmente para si. A criatividade e inova\u00e7\u00e3o s\u00e3o as caracter\u00edsticas principais da <em><strong>Linhas Coloridas<\/strong><\/em>.<\/p>\n<p>Projetos de design exclusivo para diferentes ocasi\u00f5es:<\/p>\n<p><em><strong>Convites Casamento, Convites Anivers\u00e1rio, Convites Batizado, Lembran\u00e7as, Marcadores, Cart\u00f5es, Placards, Men\u00fas, Flyers, entre outras coisas<\/strong><\/em><\/p>\n<p>Todos os produtos s\u00e3o desenvolvidos de raiz e personalizados em fun\u00e7\u00e3o de cada cliente.<br \/>\nCaso esteja interessada(o) em algum dos nossos servi\u00e7os, n\u00e3o hesite em contatar.<\/p>\n<p>Espero por si!<br \/>\nS\u00edlvia Miranda<b>\u00a0<\/b><\/p>\n<\/div>\n","protected":false},"excerpt":{"rendered":"<p>&#8220;Dizem que n\u00e3o existe a verdadeira felicidade mas sim momentos felizes\u2026 A Linhas Coloridas surgiu assim, em Abril de 2010, do encontro de uma paix\u00e3o, da vontade de tornar os momentos especiais, em momentos que perdurar\u00e3o para sempre. Designer de&#8230;<\/p>\n","protected":false},"author":1,"featured_media":0,"parent":0,"menu_order":0,"comment_status":"open","ping_status":"open","template":"","meta":[],"_links":{"self":[{"href":"https:\/\/linhascoloridas.com\/index.php?rest_route=\/wp\/v2\/pages\/2"}],"collection":[{"href":"https:\/\/linhascoloridas.com\/index.php?rest_route=\/wp\/v2\/pages"}],"about":[{"href":"https:\/\/linhascoloridas.com\/index.php?rest_route=\/wp\/v2\/types\/page"}],"author":[{"embeddable":true,"href":"https:\/\/linhascoloridas.com\/index.php?rest_route=\/wp\/v2\/users\/1"}],"replies":[{"embeddable":true,"href":"https:\/\/linhascoloridas.com\/index.php?rest_route=%2Fwp%2Fv2%2Fcomments&post=2"}],"version-history":[{"count":37,"href":"https:\/\/linhascoloridas.com\/index.php?rest_route=\/wp\/v2\/pages\/2\/revisions"}],"predecessor-version":[{"id":15,"href":"https:\/\/linhascoloridas.com\/index.php?rest_route=\/wp\/v2\/pages\/2\/revisions\/15"}],"wp:attachment":[{"href":"https:\/\/linhascoloridas.com\/index.php?rest_route=%2Fwp%2Fv2%2Fmedia&parent=2"}],"curies":[{"name":"wp","href":"https:\/\/api.w.org\/{rel}","templated":true}]}}