{"id":1708,"date":"2013-06-03T10:27:08","date_gmt":"2013-06-03T10:27:08","guid":{"rendered":"http:\/\/linhascoloridas.com\/?page_id=1708"},"modified":"2020-01-03T15:35:27","modified_gmt":"2020-01-03T15:35:27","slug":"faqs-2","status":"publish","type":"page","link":"https:\/\/linhascoloridas.com\/?page_id=1708","title":{"rendered":"Info\/Faq&#8217;s"},"content":{"rendered":"<p>Caso esteja interessada(o) em algum dos nossos servi\u00e7os, s\u00f3 necessita de entrar em contato.<\/p>\n<p>Para isso basta enviar um e-mail ao qual responderemos de imediato, com toda a informa\u00e7\u00e3o solicitada. Se for oportuno poderemos agendar uma reuni\u00e3o, sem qualquer compromisso, para nos apresentar todas as perguntas e dar conhecimento das suas d\u00favidas, se eventualmente elas existirem. Para as encomendas fora do Porto, todo o contacto e desenvolvimento do trabalho \u00e9 realizado atrav\u00e9s de e-mail e telefone.<br \/>\nSe reside na zona do Porto, os trabalhos s\u00e3o entregues em m\u00e3o, para os outros pontos do pa\u00eds ser\u00e1 enviado por correio registado com aviso de recep\u00e7\u00e3o.<\/p>\n<p><em>Posso solicitar apenas os or\u00e7amentos?<\/em><br \/>\nSim, pode. Enviaremos por e-mail toda a informa\u00e7\u00e3o solicitada.<br \/>\nApenas tem que indicar que produtos pretende (convites, ementas, marcadores de mesa, etc).<\/p>\n<p><em>Posso adaptar algum dos convites j\u00e1 realizados?<\/em><br \/>\nSim, pode. Se gosta de algum dos convites j\u00e1 realizados, podemos adapt\u00e1-lo ao seu gosto.<\/p>\n<p><em>\u00c9 poss\u00edvel desenvolver um convite exclusivo para o meu casamento?<\/em><br \/>\nSim, \u00e9 poss\u00edvel. Criamos convites \u00fanicos e personalizados.<br \/>\nSe eventualmente tem uma ideia do que pretende, s\u00f3 tem que a partilhar connosco.<\/p>\n<p><em>S\u00f3 pretendo adquirir os convites. Existe algum problema se n\u00e3o encomendar os restantes produtos?<\/em><br \/>\nN\u00e3o h\u00e1 qualquer tipo de problema. S\u00f3 adquire e encomenda aquilo que necessitar.<\/p>\n<p><em>E se o resultado n\u00e3o me agradar?<\/em><br \/>\nCaso n\u00e3o agrade, o layout ser\u00e1 alterado o n\u00famero de vezes necess\u00e1rias at\u00e9 o resultado final ficar do seu total agrado.<\/p>\n<p><em>Se desistir da proposta, sou reembolsada(o)?<\/em><br \/>\nUma vez que o trabalho foi adjudicado, e que j\u00e1 foram enviadas propostas, n\u00e3o ser\u00e1 reembolsado.<\/p>\n<p><em>Envio de Encomenda<\/em><br \/>\nCaso resida na zona do Porto, a entrega \u00e9 feita pessoalmente.<br \/>\nNo caso de a entrega ser efectuada pelos correios (entregas nacionais ou estrangeiras) os portes de envio s\u00e3o pagos pelo cliente.<\/p>\n<p>No territ\u00f3rio nacional, o modo de envio \u00e9 o correio registado, via CTT, mas tamb\u00e9m efectuamos o envio para qualquer parte do mundo.<\/p>\n<p><em>Modo de Pagamento<\/em><br \/>\nO modo de pagamento \u00e9 feito em 2 fases.<br \/>\nA primeira \u00e9 a da adjudica\u00e7\u00e3o do trabalho (50% do valor total), a segunda \u00e9 o pagamento dos restantes 50% atrav\u00e9s de transfer\u00eancia banc\u00e1ria com envio de comprovativo de transfer\u00eancia por e-mail. Se residir Porto, a segunda fase de pagamento \u00e9 feita na entrega da encomenda.<\/p>\n","protected":false},"excerpt":{"rendered":"<p>Caso esteja interessada(o) em algum dos nossos servi\u00e7os, s\u00f3 necessita de entrar em contato. Para isso basta enviar um e-mail ao qual responderemos de imediato, com toda a informa\u00e7\u00e3o solicitada. Se for oportuno poderemos agendar uma reuni\u00e3o, sem qualquer compromisso,&#8230;<\/p>\n","protected":false},"author":1,"featured_media":0,"parent":0,"menu_order":2,"comment_status":"open","ping_status":"open","template":"","meta":[],"_links":{"self":[{"href":"https:\/\/linhascoloridas.com\/index.php?rest_route=\/wp\/v2\/pages\/1708"}],"collection":[{"href":"https:\/\/linhascoloridas.com\/index.php?rest_route=\/wp\/v2\/pages"}],"about":[{"href":"https:\/\/linhascoloridas.com\/index.php?rest_route=\/wp\/v2\/types\/page"}],"author":[{"embeddable":true,"href":"https:\/\/linhascoloridas.com\/index.php?rest_route=\/wp\/v2\/users\/1"}],"replies":[{"embeddable":true,"href":"https:\/\/linhascoloridas.com\/index.php?rest_route=%2Fwp%2Fv2%2Fcomments&post=1708"}],"version-history":[{"count":18,"href":"https:\/\/linhascoloridas.com\/index.php?rest_route=\/wp\/v2\/pages\/1708\/revisions"}],"predecessor-version":[{"id":4000,"href":"https:\/\/linhascoloridas.com\/index.php?rest_route=\/wp\/v2\/pages\/1708\/revisions\/4000"}],"wp:attachment":[{"href":"https:\/\/linhascoloridas.com\/index.php?rest_route=%2Fwp%2Fv2%2Fmedia&parent=1708"}],"curies":[{"name":"wp","href":"https:\/\/api.w.org\/{rel}","templated":true}]}}